{"id":1072,"date":"2024-08-30T20:09:43","date_gmt":"2024-08-30T18:09:43","guid":{"rendered":"https:\/\/www.hotel-atlantic.fr\/?page_id=1072"},"modified":"2025-01-26T12:32:12","modified_gmt":"2025-01-26T11:32:12","slug":"nos-chambres","status":"publish","type":"page","link":"https:\/\/www.hotel-atlantic.fr\/?page_id=1072","title":{"rendered":"Nos chambres"},"content":{"rendered":"\t\t<div data-elementor-type=\"wp-page\" data-elementor-id=\"1072\" class=\"elementor elementor-1072\" data-elementor-post-type=\"page\">\n\t\t\t\t<div class=\"elementor-element elementor-element-673cabe e-grid e-con-boxed e-con e-parent\" data-id=\"673cabe\" data-element_type=\"container\">\n\t\t\t\t\t<div class=\"e-con-inner\">\n\t\t<div class=\"elementor-element elementor-element-89586bb e-con-full e-flex elementor-invisible e-con e-child\" data-id=\"89586bb\" data-element_type=\"container\" data-settings=\"{&quot;background_background&quot;:&quot;classic&quot;,&quot;animation&quot;:&quot;swing&quot;}\">\n\t\t\t\t<div class=\"elementor-element elementor-element-5995411 elementor-cta--skin-classic elementor-animated-content elementor-bg-transform elementor-bg-transform-zoom-in elementor-widget elementor-widget-call-to-action\" data-id=\"5995411\" data-element_type=\"widget\" data-widget_type=\"call-to-action.default\">\n\t\t\t\t<div class=\"elementor-widget-container\">\n\t\t\t<link rel=\"stylesheet\" href=\"https:\/\/www.hotel-atlantic.fr\/wp-content\/plugins\/elementor-pro\/assets\/css\/widget-call-to-action.min.css?ver=1725041535\">\t\t<div class=\"elementor-cta\">\n\t\t\t\t\t<div class=\"elementor-cta__bg-wrapper\">\n\t\t\t\t<div class=\"elementor-cta__bg elementor-bg\" style=\"background-image: url(https:\/\/www.hotel-atlantic.fr\/wp-content\/uploads\/2017\/05\/10-atlantic-1024x681.jpg);\" role=\"img\" aria-label=\"10-atlantic\"><\/div>\n\t\t\t\t<div class=\"elementor-cta__bg-overlay\"><\/div>\n\t\t\t<\/div>\n\t\t\t\t\t\t\t<div class=\"elementor-cta__content\">\n\t\t\t\t\n\t\t\t\t\t\t\t\t\t<h2 class=\"elementor-cta__title elementor-cta__content-item elementor-content-item\">\n\t\t\t\t\t\tCHAMBRE <br>DOUBLE STANDARD\t\t\t\t\t<\/h2>\n\t\t\t\t\n\t\t\t\t\t\t\t\t\t<div class=\"elementor-cta__description elementor-cta__content-item elementor-content-item\">\n\t\t\t\t\t\t\u00c9quipements en chambre :<br> bureau, chauffage, moquette, armoire\/penderie, douche, s\u00e8che-cheveux, toilettes, t\u00e9l\u00e9phone, t\u00e9l\u00e9vision \u00e0 \u00e9cran plat, service de r\u00e9veil\n<br><br>\n\u00c9quipements: <br>\n&#128504; TV <br>\n&#128504; Douche <br>\n&#128504; T\u00e9l\u00e9phone <br>\n&#128504; Internet sans fil <br>\n&#128504; S\u00e8che cheveux <br>\n&#128504; Chauffage<br>\n&#128504; Climatisation <br><br>\n\nNombres: 10 <br>\nAdultes Max: 2 <br>\n&#128719; Lits: 1 x Lit double<br>\n&#128703; Salles de bains \/ Douche: 1<br><br>\n<br> \n&#128685; Non fumeur \t\t\t\t\t<\/div>\n\t\t\t\t\n\t\t\t\t\t\t\t<\/div>\n\t\t\t\t\t\t<\/div>\n\t\t\t\t<\/div>\n\t\t\t\t<\/div>\n\t\t\t\t<\/div>\n\t\t<div class=\"elementor-element elementor-element-ac9d985 e-con-full e-flex elementor-invisible e-con e-child\" data-id=\"ac9d985\" data-element_type=\"container\" data-settings=\"{&quot;background_background&quot;:&quot;classic&quot;,&quot;animation&quot;:&quot;swing&quot;}\">\n\t\t\t\t<div class=\"elementor-element elementor-element-88693d4 elementor-cta--skin-classic elementor-animated-content elementor-bg-transform elementor-bg-transform-zoom-in elementor-widget elementor-widget-call-to-action\" data-id=\"88693d4\" data-element_type=\"widget\" data-widget_type=\"call-to-action.default\">\n\t\t\t\t<div class=\"elementor-widget-container\">\n\t\t\t\t\t<div class=\"elementor-cta\">\n\t\t\t\t\t<div class=\"elementor-cta__bg-wrapper\">\n\t\t\t\t<div class=\"elementor-cta__bg elementor-bg\" style=\"background-image: url(https:\/\/www.hotel-atlantic.fr\/wp-content\/uploads\/2017\/05\/07-atlantic-1024x681.jpg);\" role=\"img\" aria-label=\"07-atlantic\"><\/div>\n\t\t\t\t<div class=\"elementor-cta__bg-overlay\"><\/div>\n\t\t\t<\/div>\n\t\t\t\t\t\t\t<div class=\"elementor-cta__content\">\n\t\t\t\t\n\t\t\t\t\t\t\t\t\t<h2 class=\"elementor-cta__title elementor-cta__content-item elementor-content-item\">\n\t\t\t\t\t\tCHAMBRE <br>DOUBLE CONFORT\t\t\t\t\t<\/h2>\n\t\t\t\t\n\t\t\t\t\t\t\t\t\t<div class=\"elementor-cta__description elementor-cta__content-item elementor-content-item\">\n\t\t\t\t\t\t\u00c9quipements en chambre :<br> bureau, chauffage, moquette, armoire\/penderie, douche, s\u00e8che-cheveux, toilettes, t\u00e9l\u00e9phone, t\u00e9l\u00e9vision \u00e0 \u00e9cran plat, service de r\u00e9veil\n<br><br>\n\u00c9quipements: <br>\n&#128504; TV <br>\n&#128504; Douche <br>\n&#128504; T\u00e9l\u00e9phone <br>\n&#128504; Internet sans fil <br>\n&#128504; S\u00e8che cheveux <br>\n&#128504; Chauffage<br>\n&#128504; Climatisation <br><br>\n\nNombres: 8 <br>\nAdultes Max: 2 <br>\n&#128719; Lits: 1 x Lit double<br>\n&#128703; Salles de bains \/ Douche: 1<br><br>\n<br> \n&#128685; Non fumeur  \t\t\t\t\t<\/div>\n\t\t\t\t\n\t\t\t\t\t\t\t<\/div>\n\t\t\t\t\t\t<\/div>\n\t\t\t\t<\/div>\n\t\t\t\t<\/div>\n\t\t\t\t<\/div>\n\t\t<div class=\"elementor-element elementor-element-6ad06e7 e-con-full e-flex elementor-invisible e-con e-child\" data-id=\"6ad06e7\" data-element_type=\"container\" data-settings=\"{&quot;background_background&quot;:&quot;classic&quot;,&quot;animation&quot;:&quot;swing&quot;}\">\n\t\t\t\t<div class=\"elementor-element elementor-element-d875d52 elementor-cta--skin-classic elementor-animated-content elementor-bg-transform elementor-bg-transform-zoom-in elementor-widget elementor-widget-call-to-action\" data-id=\"d875d52\" data-element_type=\"widget\" data-widget_type=\"call-to-action.default\">\n\t\t\t\t<div class=\"elementor-widget-container\">\n\t\t\t\t\t<div class=\"elementor-cta\">\n\t\t\t\t\t<div class=\"elementor-cta__bg-wrapper\">\n\t\t\t\t<div class=\"elementor-cta__bg elementor-bg\" style=\"background-image: url(https:\/\/www.hotel-atlantic.fr\/wp-content\/uploads\/2017\/05\/hotel_atlantic-1.jpg);\" role=\"img\" aria-label=\"hotel_atlantic-1\"><\/div>\n\t\t\t\t<div class=\"elementor-cta__bg-overlay\"><\/div>\n\t\t\t<\/div>\n\t\t\t\t\t\t\t<div class=\"elementor-cta__content\">\n\t\t\t\t\n\t\t\t\t\t\t\t\t\t<h2 class=\"elementor-cta__title elementor-cta__content-item elementor-content-item\">\n\t\t\t\t\t\tCHAMBRE <br>PRIVIL\u00c8GE\t\t\t\t\t<\/h2>\n\t\t\t\t\n\t\t\t\t\t\t\t\t\t<div class=\"elementor-cta__description elementor-cta__content-item elementor-content-item\">\n\t\t\t\t\t\t\u00c9quipements en chambre :<br> bureau, moquette, armoire\/penderie, douche, s\u00e8che-cheveux, toilettes, t\u00e9l\u00e9vision, t\u00e9l\u00e9phone, service de r\u00e9veil, vue sur le jardin ou sur la ville\n<br><br>\n\u00c9quipements: <br>\n&#128504; TV <br>\n&#128504; Douche <br>\n&#128504; T\u00e9l\u00e9phone <br>\n&#128504; Internet sans fil <br>\n&#128504; S\u00e8che cheveux <br>\n&#128504; Chauffage<br>\n&#128504; Climatisation <br><br>\n\nNombres: 3<br>\nAdultes Max: 4 <br>\n&#128719; Lits: 1 x Lit double<br>\n&#128715; Canap\u00e9: 1 x Canap\u00e9-lit double<br>\n&#128703; Salles de bains \/ Douche: 1<br><br>\n\n&#128685; Non fumeur \t\t\t\t\t<\/div>\n\t\t\t\t\n\t\t\t\t\t\t\t<\/div>\n\t\t\t\t\t\t<\/div>\n\t\t\t\t<\/div>\n\t\t\t\t<\/div>\n\t\t\t\t<\/div>\n\t\t\t\t\t<\/div>\n\t\t\t\t<\/div>\n\t\t<div class=\"elementor-element elementor-element-7262d5d e-grid e-con-boxed e-con e-parent\" data-id=\"7262d5d\" data-element_type=\"container\">\n\t\t\t\t\t<div class=\"e-con-inner\">\n\t\t<div class=\"elementor-element elementor-element-97ccaaf e-con-full e-flex elementor-invisible e-con e-child\" data-id=\"97ccaaf\" data-element_type=\"container\" data-settings=\"{&quot;background_background&quot;:&quot;classic&quot;,&quot;animation&quot;:&quot;swing&quot;}\">\n\t\t\t\t<div class=\"elementor-element elementor-element-59cba97 elementor-cta--skin-classic elementor-animated-content elementor-bg-transform elementor-bg-transform-zoom-in elementor-widget elementor-widget-call-to-action\" data-id=\"59cba97\" data-element_type=\"widget\" data-widget_type=\"call-to-action.default\">\n\t\t\t\t<div class=\"elementor-widget-container\">\n\t\t\t\t\t<div class=\"elementor-cta\">\n\t\t\t\t\t<div class=\"elementor-cta__bg-wrapper\">\n\t\t\t\t<div class=\"elementor-cta__bg elementor-bg\" style=\"background-image: url(https:\/\/www.hotel-atlantic.fr\/wp-content\/uploads\/2017\/05\/24-atlantic-1024x681.jpg);\" role=\"img\" aria-label=\"24-atlantic\"><\/div>\n\t\t\t\t<div class=\"elementor-cta__bg-overlay\"><\/div>\n\t\t\t<\/div>\n\t\t\t\t\t\t\t<div class=\"elementor-cta__content\">\n\t\t\t\t\n\t\t\t\t\t\t\t\t\t<h2 class=\"elementor-cta__title elementor-cta__content-item elementor-content-item\">\n\t\t\t\t\t\tCHAMBRE <br>TRIPLE\t\t\t\t\t<\/h2>\n\t\t\t\t\n\t\t\t\t\t\t\t\t\t<div class=\"elementor-cta__description elementor-cta__content-item elementor-content-item\">\n\t\t\t\t\t\t\u00c9quipements en chambre :<br>bureau, chauffage, moquette, armoire\/penderie, douche, toilettes, t\u00e9l\u00e9phone, t\u00e9l\u00e9vision \u00e0 \u00e9cran plat, service de r\u00e9veil, vue sur le jardin, convient pour les \u00e9v\u00e9nements\n<br><br>\n\u00c9quipements: <br>\n&#128504; TV <br>\n&#128504; Douche <br>\n&#128504; T\u00e9l\u00e9phone <br>\n&#128504; Internet sans fil <br>\n&#128504; S\u00e8che cheveux <br>\n&#128504; Chauffage<br>\n&#128504; Climatisation <br>\n&#128504; Convient pour les \u00e9v\u00e9nements <br><br>\n\nNombres: 3<br>\nAdultes Max: 3 <br>\n&#128719; Lits: 1 x Lit simple + 1 x Lit double<br>\n&#128703; Salles de bains \/ Douche: 1<br><br>\n<br> \n&#128685; Non fumeur \t\t\t\t\t<\/div>\n\t\t\t\t\n\t\t\t\t\t\t\t<\/div>\n\t\t\t\t\t\t<\/div>\n\t\t\t\t<\/div>\n\t\t\t\t<\/div>\n\t\t\t\t<\/div>\n\t\t<div class=\"elementor-element elementor-element-375c21f e-con-full e-flex elementor-invisible e-con e-child\" data-id=\"375c21f\" data-element_type=\"container\" data-settings=\"{&quot;background_background&quot;:&quot;classic&quot;,&quot;animation&quot;:&quot;swing&quot;}\">\n\t\t\t\t<div class=\"elementor-element elementor-element-fad1692 elementor-cta--skin-classic elementor-animated-content elementor-bg-transform elementor-bg-transform-zoom-in elementor-widget elementor-widget-call-to-action\" data-id=\"fad1692\" data-element_type=\"widget\" data-widget_type=\"call-to-action.default\">\n\t\t\t\t<div class=\"elementor-widget-container\">\n\t\t\t\t\t<div class=\"elementor-cta\">\n\t\t\t\t\t<div class=\"elementor-cta__bg-wrapper\">\n\t\t\t\t<div class=\"elementor-cta__bg elementor-bg\" style=\"background-image: url(https:\/\/www.hotel-atlantic.fr\/wp-content\/uploads\/2025\/01\/68f90b9d-dc5c-4250-ba42-44a944ad70f2.jpg);\" role=\"img\" aria-label=\"68f90b9d-dc5c-4250-ba42-44a944ad70f2\"><\/div>\n\t\t\t\t<div class=\"elementor-cta__bg-overlay\"><\/div>\n\t\t\t<\/div>\n\t\t\t\t\t\t\t<div class=\"elementor-cta__content\">\n\t\t\t\t\n\t\t\t\t\t\t\t\t\t<h2 class=\"elementor-cta__title elementor-cta__content-item elementor-content-item\">\n\t\t\t\t\t\tCHAMBRE <br>PMR STANDARD\t\t\t\t\t<\/h2>\n\t\t\t\t\n\t\t\t\t\t\t\t\t\t<div class=\"elementor-cta__description elementor-cta__content-item elementor-content-item\">\n\t\t\t\t\t\t\u00c9quipements en chambre :<br>  Non fumeur,\nEquipements pour handicap\u00e9,\nT\u00e9l\u00e9phone,\nS\u00e8che cheveux,\nT\u00e9l\u00e9vision,\nAcc\u00e8s internet sans fil.\n<br><br><br>\n\u00c9quipements:<br>\n&#128504; Acc\u00e8s aux personnes handicap\u00e9es<br>\n&#128504; TV <br>\n&#128504; T\u00e9l\u00e9phone<br>\n&#128504; Internet sans fil<br>\n&#128504; S\u00e8che cheveux<br>\n&#128504; Chauffage<br>\n<br><br><br><br>\nNombres: 1<br>\nAdultes Max: 2<br>\n&#128719; Lits: 1<br>\n&#128703; Salles de bains \/ Douche: 1<br><br><br>\n&#128685; Non fumeur \t\t\t\t\t<\/div>\n\t\t\t\t\n\t\t\t\t\t\t\t<\/div>\n\t\t\t\t\t\t<\/div>\n\t\t\t\t<\/div>\n\t\t\t\t<\/div>\n\t\t\t\t<\/div>\n\t\t<div class=\"elementor-element elementor-element-cf71580 e-con-full e-flex elementor-invisible e-con e-child\" data-id=\"cf71580\" data-element_type=\"container\" data-settings=\"{&quot;background_background&quot;:&quot;classic&quot;,&quot;animation&quot;:&quot;swing&quot;}\">\n\t\t\t\t<div class=\"elementor-element elementor-element-e4b3d3a elementor-cta--skin-classic elementor-animated-content elementor-bg-transform elementor-bg-transform-zoom-in elementor-widget elementor-widget-call-to-action\" data-id=\"e4b3d3a\" data-element_type=\"widget\" data-widget_type=\"call-to-action.default\">\n\t\t\t\t<div class=\"elementor-widget-container\">\n\t\t\t\t\t<div class=\"elementor-cta\">\n\t\t\t\t\t<div class=\"elementor-cta__bg-wrapper\">\n\t\t\t\t<div class=\"elementor-cta__bg elementor-bg\" style=\"background-image: url(https:\/\/www.hotel-atlantic.fr\/wp-content\/uploads\/2025\/01\/68f90b9d-dc5c-4250-ba42-44a944ad70f2.jpg);\" role=\"img\" aria-label=\"68f90b9d-dc5c-4250-ba42-44a944ad70f2\"><\/div>\n\t\t\t\t<div class=\"elementor-cta__bg-overlay\"><\/div>\n\t\t\t<\/div>\n\t\t\t\t\t\t\t<div class=\"elementor-cta__content\">\n\t\t\t\t\n\t\t\t\t\t\t\t\t\t<h2 class=\"elementor-cta__title elementor-cta__content-item elementor-content-item\">\n\t\t\t\t\t\tCHAMBRE <br>PMR CONFORT\t\t\t\t\t<\/h2>\n\t\t\t\t\n\t\t\t\t\t\t\t\t\t<div class=\"elementor-cta__description elementor-cta__content-item elementor-content-item\">\n\t\t\t\t\t\t\u00c9quipements en chambre :<br>  Non fumeur,\nEquipements pour handicap\u00e9,\nT\u00e9l\u00e9phone,\nS\u00e8che cheveux,\nT\u00e9l\u00e9vision,\nAcc\u00e8s internet sans fil.\n<br><br><br>\n\u00c9quipements:<br>\n&#128504; Acc\u00e8s aux personnes handicap\u00e9es<br>\n&#128504; TV <br>\n&#128504; T\u00e9l\u00e9phone<br>\n&#128504; Internet sans fil<br>\n&#128504; S\u00e8che cheveux<br>\n&#128504; Chauffage<br>\n<br><br><br><br>\nNombres: 1<br>\nAdultes Max: 2<br>\n&#128719; Lits: 1<br>\n&#128703; Salles de bains \/ Douche: 1<br><br><br>\n&#128685; Non fumeur \t\t\t\t\t<\/div>\n\t\t\t\t\n\t\t\t\t\t\t\t<\/div>\n\t\t\t\t\t\t<\/div>\n\t\t\t\t<\/div>\n\t\t\t\t<\/div>\n\t\t\t\t<\/div>\n\t\t\t\t\t<\/div>\n\t\t\t\t<\/div>\n\t\t\t\t<\/div>\n\t\t","protected":false},"excerpt":{"rendered":"<p>CHAMBRE DOUBLE STANDARD \u00c9quipements en chambre : bureau, chauffage, moquette, armoire\/penderie, douche, s\u00e8che-cheveux, toilettes, t\u00e9l\u00e9phone, t\u00e9l\u00e9vision \u00e0 \u00e9cran plat, service de r\u00e9veil \u00c9quipements: &#128504; TV &#128504; Douche &#128504; T\u00e9l\u00e9phone &#128504; Internet sans fil &#128504; S\u00e8che cheveux &#128504; Chauffage &#128504; Climatisation Nombres: 10 Adultes Max: 2 &#128719; Lits: 1 x Lit double &#128703; Salles de bains &hellip;<\/p>\n","protected":false},"author":1,"featured_media":0,"parent":0,"menu_order":0,"comment_status":"closed","ping_status":"closed","template":"elementor_header_footer","meta":{"footnotes":""},"class_list":["post-1072","page","type-page","status-publish","hentry"],"_links":{"self":[{"href":"https:\/\/www.hotel-atlantic.fr\/index.php?rest_route=\/wp\/v2\/pages\/1072","targetHints":{"allow":["GET"]}}],"collection":[{"href":"https:\/\/www.hotel-atlantic.fr\/index.php?rest_route=\/wp\/v2\/pages"}],"about":[{"href":"https:\/\/www.hotel-atlantic.fr\/index.php?rest_route=\/wp\/v2\/types\/page"}],"author":[{"embeddable":true,"href":"https:\/\/www.hotel-atlantic.fr\/index.php?rest_route=\/wp\/v2\/users\/1"}],"replies":[{"embeddable":true,"href":"https:\/\/www.hotel-atlantic.fr\/index.php?rest_route=%2Fwp%2Fv2%2Fcomments&post=1072"}],"version-history":[{"count":107,"href":"https:\/\/www.hotel-atlantic.fr\/index.php?rest_route=\/wp\/v2\/pages\/1072\/revisions"}],"predecessor-version":[{"id":1200,"href":"https:\/\/www.hotel-atlantic.fr\/index.php?rest_route=\/wp\/v2\/pages\/1072\/revisions\/1200"}],"wp:attachment":[{"href":"https:\/\/www.hotel-atlantic.fr\/index.php?rest_route=%2Fwp%2Fv2%2Fmedia&parent=1072"}],"curies":[{"name":"wp","href":"https:\/\/api.w.org\/{rel}","templated":true}]}}